+ h. What is the highest common factor of q and 10?
10
Let s(g) = 3*g**2 - 10*g - 8. Let m be s(5). What is the greatest common divisor of 68 and m?
17
Suppose -6*q + 4*q + 480 = 0. Suppose 2*h - 5*h + q = 0. Calculate the greatest common factor of h and 10.
10
Let i be (-7)/(-2)*(0 - -2). Suppose -68*j = j + 142 - 1591. Calculate the highest common factor of j and i.
7
Suppose 0*m - 3*m = -165. Let n = -32 + m. Let q be (-170)/51*(2 - (-296)/(-10)). What is the greatest common divisor of n and q?
23
Let h(n) = n + 65. Let b be h(-17). Calculate the greatest common factor of 72 and b.
24
Suppose 648 = 5*o - 2*r, 2*o - r - 204 = 56. What is the highest common factor of o and 176?
16
Suppose -4*z - 21 = -3*z. Let f be (2*1)/((-14)/z). Suppose -4*m + 4*w - 3 = -7, -33 = -f*m - 3*w. What is the highest common divisor of m and 4?
2
Suppose -5*r = 5*o - 10, -5*o + 4*r + 7 = -4*o. Suppose -o*j + 148 = 28. Let y = -25 + j. What is the greatest common divisor of 105 and y?
15
Let p be 1*(-1 - 5/(-1)). Suppose -k + 0*i - 15 = -4*i, i = -5*k + 9. What is the highest common factor of k and p?
1
Suppose 4*z - 9*z + 360 = 5*m, z = 1. Calculate the highest common factor of m and 213.
71
Let k be 14/56 + ((-6)/8)/(-1). Let l be 999/15 - k - 2/(-5). What is the greatest common divisor of l and 6?
6
Let s(x) = 17*x - 442. Let h be s(33). Calculate the highest common divisor of 35 and h.
7
Suppose -24*l = -28*l + 56. Suppose -1 = 3*g - 7. Suppose -g*r + 630 = 3*r. Calculate the greatest common factor of r and l.
14
Suppose d - 2*d = -31. Suppose 2*z + 1 = -d. Let b = z + 26. What is the greatest common divisor of b and 2?
2
Let r be 163/9 - 60/54. Calculate the highest common factor of r and 459.
17
Suppose 7*o + 90 = 12*o. What is the highest common divisor of o and 2?
2
Suppose -o + b = -3*o - 9, b = -5*o - 15. Let t = o - -32. What is the greatest common factor of t and 6?
6
Let b(d) = 18*d. Let o be b(1). Let q be 6/o + (-1244)/6. Let m be q/(-36) - (-2)/8. Calculate the greatest common divisor of 6 and m.
6
Let y be (-36)/(-66) - 14*777/(-22). Calculate the greatest common divisor of y and 297.
99
Suppose -5*m = 3*a - 108, 0 = -m + 2*a + 3*a + 44. Let o be (-550)/5 + -1 - 1. Let t = o + 280. What is the highest common factor of m and t?
24
Let k = -4 - -6. Let n be k/(-5) + 47/5. Let p be n/(-3) + 12 + -2. What is the highest common factor of p and 7?
7
Let u(j) = 4*j - 13. Let x be u(7). Let m be 42/(-5)*(-390)/12. Let l = -123 + m. Calculate the highest common divisor of x and l.
15
Let w(c) = 3*c**2 + 357*c - 1832. Let h be w(5). Suppose 3*b - 69 = -3*s, -2*s - 8 + 84 = -4*b. What is the greatest common divisor of s and h?
28
Suppose -19*y = -21*y. Suppose y = 6*h - 3*h + 2*p - 113, -h + 3*p = -45. What is the greatest common divisor of h and 65?
13
Suppose 0 = 3*v + i + 2*i - 60, -v - 5*i = -28. Let w = -6 - -8. Suppose 0*p = -w*p + v. What is the greatest common factor of 9 and p?
9
Let n = -102 + 227. What is the highest common factor of 75 and n?
25
Let c = 229 + -64. What is the highest common divisor of 11 and c?
11
Suppose -183 = -2*i + 237. Suppose -i = -u - u. Suppose 2*l + 0*l - 5*a = u, -3*l + 147 = -4*a. What is the highest common divisor of 18 and l?
9
Let q be (1/(-3))/((-19)/57). Calculate the highest common divisor of q and 4.
1
Suppose -6*w + 7*w - 104 = -2*n, w - 5*n = 125. Calculate the highest common factor of 40 and w.
10
Let r be (-2090)/(-33)*(-3)/(-2). Let n be 8/(-10) + (-684)/r. Let j = n - -17. What is the highest common factor of j and 63?
9
Let w be 10/(-4)*104/(-65). Suppose i - w + 2 = 0. Suppose r + i = 0, 2*s - r = 4*s - 18. Calculate the highest common divisor of 70 and s.
10
Let i(o) = 2*o + 4*o**2 - 2 - 3 + 1 - o - 4*o**3. Let d be i(-2). Let w = -15 + 43. Calculate the greatest common factor of d and w.
14
Let i be 3/(-6)*(56 + 2). Let z = i - -50. Suppose s + 3*c + 5 = 0, -4*s = c - 0 - 24. Calculate the highest common divisor of z and s.
7
Let u(f) = 197*f**2 + f + 1. Let i be u(-1). Suppose -3*v + 2*y + 136 = 10, 5*v + y = i. Let r = v - 30. What is the highest common factor of 15 and r?
5
Let u = 99 - 84. Let p(b) = -b**3 - 2*b**2 - 3*b - 1. Let r be p(-2). Calculate the greatest common factor of u and r.
5
Let r(b) = -9*b + 9. Let y(a) = -39*a + 36. Let v(i) = -9*r(i) + 2*y(i). Let d be v(5). Let k = 1 - -3. Calculate the greatest common divisor of k and d.
2
Let z be -14*3*3/(-9). Let p(u) = z + 6 - 5 - u. Let x be p(0). Calculate the highest common divisor of 10 and x.
5
Let g(h) = -6*h - 16. Let r be g(-12). Let z(j) = -1 - 3*j**3 - 4*j**3 + 2*j**2 + 20*j**3. Let x be z(1). Calculate the highest common factor of r and x.
14
Let a = -24 + 28. Suppose 0 = -4*v + 3*t + 2*t + 205, 4 = -a*t. What is the greatest common divisor of v and 10?
10
Let q be -8 + 5 - 370/2. Let z = -98 - q. What is the greatest common factor of z and 36?
18
Let l = 432 + -428. What is the highest common divisor of 116 and l?
4
Let w(r) = -r**2 - 6*r - 4. Let m be w(-7). Let o be m/((-5)/((-225)/(-5))). Calculate the greatest common factor of 9 and o.
9
Suppose -n = 3*k - 0*k + 8, 4*n + 2*k = -22. Let v be ((-11)/(-2))/((-8)/(-21 - n)). Calculate the greatest common divisor of 187 and v.
11
Suppose 0 = z + 2*z - 75. Suppose 2*u - 28 + 5 = 3*f, -3*f - 33 = -3*u. What is the highest common divisor of u and z?
5
Let a be ((-14)/4 - -3)*-10. Suppose 4*i - 508 = 2*m + 2*m, -680 = -a*i - 4*m. What is the greatest common factor of 12 and i?
12
Suppose -u = 4*d - 97, -5*u + 15*d - 17*d = -431. Calculate the highest common divisor of 15 and u.
5
Let u = -8 + 13. Suppose 5*b + u*t = 5, -b + t = -3*b - 2. Let z = b - -9. What is the highest common divisor of z and 2?
2
Let r(t) = -t**3 - 2*t**2 - 5. Let s = 8 - 15. Let l be r(s). Calculate the highest common divisor of l and 24.
24
Let n be (-13622)/(-63) - (-6)/(-27). Calculate the greatest common factor of 12 and n.
12
Suppose -4*c + 9 + 27 = 3*s, 0 = -4*c + s + 52. Let b be 1*c*11/(-33). Let q be b/10 + (-1408)/(-20). Calculate the highest common factor of 28 and q.
14
Let f = 11 - 17. Let c(v) = -2*v - 13. Let z be c(f). Let a be (z - -18)/((-27)/(-81)). Calculate the highest common divisor of a and 34.
17
Suppose 8*p - 857 - 1015 = 0. Calculate the greatest common factor of p and 26.
26
Suppose -24 = -2*l - l. Let b(f) = 3*f - 8 + 7*f**2 + 7*f + f**2 - f**2 - f**3. Let i be b(l). Calculate the highest common divisor of 1 and i.
1
Suppose 3*i = -3*n + 51, -6*i - 31 = -3*n - 4*i. Let g = 134 + 9. What is the highest common divisor of g and n?
13
Let h be (8/6)/(124/651). What is the greatest common factor of h and 8?
1
Let w be (6/(-12) + -1)*(-510)/9. Calculate the highest common divisor of 595 and w.
85
Suppose 10*h = 22*h - 16188. Suppose 5*c - 1680 = -5*i, 4*c - i - h = -4*i. Calculate the highest common factor of c and 31.
31
Suppose 6*r + 37 + 167 = 0. Let l = r + 74. Calculate the highest common factor of 10 and l.
10
Suppose 0 = 4*r - 7*r + o + 699, -3*r - 5*o = -717. Calculate the highest common divisor of r and 36.
18
Let c = -6 - -12. Let x(k) = 6*k**2 + k + 7. Let s be x(-6). Suppose 5*o - 23 - s = 0. What is the greatest common divisor of c and o?
6
Suppose -3*j - 3*t - 33 = 0, 2*j + j + 29 = -t. Let c = j - -13. Let p be 3/(-2) - (-10)/c. Calculate the highest common factor of 10 and p.
1
Suppose -113 = 3*i - 137. Let m(r) = 73*r**2 + r. Let q be m(-1). What is the highest common divisor of q and i?
8
Let s(b) = -12*b - 21 - 20 + 21*b + b**2. Let t be s(-13). Calculate the greatest common factor of t and 44.
11
Let t(k) = k**2 + 17*k + 43. Let u be t(-3). Let l be 18 - (0 - (-2)/1). Calculate the highest common factor of u and l.
1
Let j(h) = -h**3 - 29*h**2 + 29*h - 16. Let p be j(-30). What is the highest common divisor of p and 217?
7
Let c = -13 + 27. Let z = -1445 - -1557. Calculate the highest common divisor of c and z.
14
Let s(g) = g**3 + 5*g**2 - 124*g + 32. Let a be s(-14). Let u be (0/(-2) + -3)*-1. Let f be -2*((-3)/u + 0). What is the highest common divisor of a and f?
2
Let j be (66/10)/((-1)/(-5)). Let y be (0 - (1 - (-10)/(-5)))*11. Calculate the greatest common factor of y and j.
11
Let g be (48/(-3))/(1/(-2)). Suppose 0 = f - 38 + g. Calculate the greatest comm